{"id":33,"date":"2019-08-23T14:42:17","date_gmt":"2019-08-23T14:42:17","guid":{"rendered":"http:\/\/grewel.de\/?page_id=33"},"modified":"2025-03-28T14:22:11","modified_gmt":"2025-03-28T14:22:11","slug":"transidentitaet-nicht-binaere-personen","status":"publish","type":"page","link":"https:\/\/grewel.de\/?page_id=33","title":{"rendered":"Trans*Identit\u00e4t \/ nicht-bin\u00e4re Personen"},"content":{"rendered":"\n<p><strong>Trans*Identit\u00e4t &#8211; Begleittherapie und Gutachtenerstellung<\/strong><strong><\/strong><\/p>\n\n\n\n<p style=\"font-size:15px\">Ich verwende den Begriff \u201aTrans*Identit\u00e4t\u2019 hier zusammenfassend f\u00fcr viele verschiedene Selbstbeschreibungen. Trans*Identit\u00e4t bedeutet, dass die subjektiv empfundene, gef\u00fchlte Geschlechtsidentit\u00e4t nicht mit dem bei Geburt zugewiesenen Geschlecht \u00fcbereinstimmt. Geschlechtsempfinden verortet sich dabei nicht nur in einem bin\u00e4ren Geschlechtersystem als &#8218;Mann&#8216; oder &#8218;Frau&#8216;, sondern umfasst eine Vielzahl verschiedener Geschlechtsidentit\u00e4ten.  <\/p>\n\n\n\n<p style=\"font-size:15px\">Dies ist f\u00fcr viele Menschen und v. a. auch Kinder oft mit Leidensdruck verbunden, da wir in einer Gesellschaft leben, die in den meisten Bereiche bin\u00e4r und cis*geschlechtlich strukturiert ist (cis* bedeutet \u00dcbereinstimmung von gef\u00fchltem und bei Geburt zugewiesenem Geschlecht) und das soziale Umfeld oft wenig akzeptierend und unterst\u00fctzend auf ein Outing als nicht-cis* und \/ oder nicht-bin\u00e4r reagiert. So erleben trans* und nicht-bin\u00e4re Personen \u00fcberm\u00e4\u00dfig h\u00e4ufig Diskriminierung, Ausgrenzung und Gewalt.<\/p>\n\n\n\n<p style=\"font-size:15px\">Auch die MDS-Begutachtungsrichtlinien f\u00fcr die Beantragung k\u00f6rpermodifizierender Ma\u00dfnahmen bei der Krankenkasse stellen entmachtende und diskriminierende Vorgaben f\u00fcr betroffene Personen dar. So sind in Deutschland f\u00fcr den Beginn einer Hormontherapie und die Beantragung eventuell gew\u00fcnschter weiterer medizinischer Ma\u00dfnahmen immer noch eine begleitende Psychotherapie (Begleittherapie) sowie Stellungnahmen durch die Psychotherapeut_innen zur Beantragung bei der Krankenkasse bzw. dem Medizinischen Dienst der Krankenkassen notwendig.<\/p>\n\n\n\n<p style=\"font-size:15px\">Begleittherapie sowie Indikationsstellung sind bei mir m\u00f6glich. <\/p>\n","protected":false},"excerpt":{"rendered":"<p>Trans*Identit\u00e4t &#8211; Begleittherapie und Gutachtenerstellung Ich verwende den Begriff \u201aTrans*Identit\u00e4t\u2019 hier zusammenfassend f\u00fcr viele verschiedene Selbstbeschreibungen. Trans*Identit\u00e4t bedeutet, dass die subjektiv empfundene, gef\u00fchlte Geschlechtsidentit\u00e4t nicht mit dem bei Geburt zugewiesenen Geschlecht \u00fcbereinstimmt. Geschlechtsempfinden verortet sich dabei nicht nur in einem bin\u00e4ren Geschlechtersystem als &#8218;Mann&#8216; oder &#8218;Frau&#8216;, sondern umfasst eine Vielzahl verschiedener Geschlechtsidentit\u00e4ten. Dies ist f\u00fcr &hellip; <\/p>\n<p class=\"link-more\"><a href=\"https:\/\/grewel.de\/?page_id=33\" class=\"more-link\"><span class=\"screen-reader-text\">\u201eTrans*Identit\u00e4t \/ nicht-bin\u00e4re Personen\u201c<\/span> weiterlesen<\/a><\/p>\n","protected":false},"author":1,"featured_media":0,"parent":27,"menu_order":2,"comment_status":"closed","ping_status":"closed","template":"","meta":{"footnotes":""},"class_list":["post-33","page","type-page","status-publish","hentry"],"_links":{"self":[{"href":"https:\/\/grewel.de\/index.php?rest_route=\/wp\/v2\/pages\/33","targetHints":{"allow":["GET"]}}],"collection":[{"href":"https:\/\/grewel.de\/index.php?rest_route=\/wp\/v2\/pages"}],"about":[{"href":"https:\/\/grewel.de\/index.php?rest_route=\/wp\/v2\/types\/page"}],"author":[{"embeddable":true,"href":"https:\/\/grewel.de\/index.php?rest_route=\/wp\/v2\/users\/1"}],"replies":[{"embeddable":true,"href":"https:\/\/grewel.de\/index.php?rest_route=%2Fwp%2Fv2%2Fcomments&post=33"}],"version-history":[{"count":9,"href":"https:\/\/grewel.de\/index.php?rest_route=\/wp\/v2\/pages\/33\/revisions"}],"predecessor-version":[{"id":209,"href":"https:\/\/grewel.de\/index.php?rest_route=\/wp\/v2\/pages\/33\/revisions\/209"}],"up":[{"embeddable":true,"href":"https:\/\/grewel.de\/index.php?rest_route=\/wp\/v2\/pages\/27"}],"wp:attachment":[{"href":"https:\/\/grewel.de\/index.php?rest_route=%2Fwp%2Fv2%2Fmedia&parent=33"}],"curies":[{"name":"wp","href":"https:\/\/api.w.org\/{rel}","templated":true}]}}